 common factor of 14274 and 234.
234
What is the greatest common factor of 222 and 42?
6
Calculate the highest common factor of 549 and 27.
9
Calculate the greatest common divisor of 156 and 208.
52
Calculate the greatest common divisor of 56 and 16.
8
Calculate the highest common factor of 15 and 835.
5
Calculate the greatest common factor of 535 and 428.
107
Calculate the highest common factor of 66 and 88.
22
What is the highest common factor of 72656 and 304?
304
Calculate the highest common divisor of 189 and 67851.
189
What is the greatest common divisor of 401 and 2?
1
Calculate the greatest common factor of 8944 and 64.
16
Calculate the highest common divisor of 481 and 26.
13
What is the highest common factor of 76 and 2983?
19
Calculate the greatest common factor of 50 and 80.
10
Calculate the greatest common divisor of 68 and 4.
4
What is the greatest common factor of 861 and 205?
41
What is the greatest common divisor of 70 and 3430?
70
Calculate the greatest common divisor of 551 and 57.
19
Calculate the greatest common divisor of 138 and 966.
138
What is the greatest common divisor of 12 and 32?
4
What is the greatest common divisor of 517 and 94?
47
What is the greatest common factor of 20 and 220?
20
What is the greatest common factor of 100 and 25?
25
What is the greatest common factor of 104 and 4524?
52
What is the greatest common factor of 160 and 360?
40
What is the greatest common divisor of 5151 and 51?
51
What is the greatest common factor of 57 and 1178?
19
Calculate the highest common divisor of 4500 and 60.
60
Calculate the greatest common factor of 19 and 38.
19
Calculate the highest common factor of 284 and 355.
71
Calculate the highest common divisor of 261 and 29.
29
Calculate the highest common factor of 380 and 988.
76
Calculate the highest common divisor of 12 and 1508.
4
What is the greatest common divisor of 1078 and 245?
49
Calculate the greatest common divisor of 21 and 168.
21
Calculate the greatest common factor of 16 and 24.
8
What is the greatest common factor of 2842 and 98?
98
What is the greatest common factor of 16 and 920?
8
What is the highest common divisor of 882 and 343?
49
Calculate the highest common divisor of 112 and 7.
7
Calculate the greatest common divisor of 15 and 285.
15
What is the greatest common divisor of 37 and 259?
37
What is the highest common factor of 1089 and 1573?
121
Calculate the highest common divisor of 452 and 2599.
113
Calculate the greatest common divisor of 546 and 2.
2
What is the highest common factor of 22 and 2156?
22
Calculate the greatest common factor of 156 and 858.
78
Calculate the highest common factor of 817 and 57.
19
What is the highest common factor of 558 and 8990?
62
Calculate the highest common divisor of 256 and 96.
32
What is the highest common divisor of 169 and 91?
13
Calculate the highest common factor of 285 and 247.
19
Calculate the greatest common divisor of 253 and 3564.
11
What is the greatest common factor of 2225 and 267?
89
What is the highest common factor of 24990 and 630?
210
What is the highest common factor of 525 and 75?
75
What is the greatest common factor of 39 and 2249?
13
Calculate the highest common factor of 92 and 4.
4
What is the greatest common divisor of 11 and 15917?
11
What is the greatest common divisor of 270 and 390?
30
What is the highest common factor of 154 and 2849?
77
What is the highest common divisor of 112 and 868?
28
What is the highest common divisor of 2010 and 210?
30
What is the highest common factor of 848 and 16?
16
What is the greatest common divisor of 6013 and 21?
7
Calculate the highest common factor of 87 and 232.
29
Calculate the greatest common factor of 506 and 22.
22
What is the greatest common divisor of 105 and 60?
15
Calculate the highest common factor of 4454 and 1310.
262
Calculate the highest common divisor of 34 and 1518.
2
What is the greatest common divisor of 1769 and 232?
29
What is the greatest common factor of 4530 and 30?
30
What is the highest common divisor of 75 and 125?
25
Calculate the highest common divisor of 70 and 910.
70
What is the highest common factor of 39 and 9?
3
Calculate the highest common divisor of 65 and 520.
65
What is the greatest common factor of 240 and 10?
10
What is the greatest common divisor of 66 and 6303?
33
Calculate the greatest common factor of 13 and 2.
1
What is the highest common factor of 4828 and 68?
68
What is the highest common factor of 493 and 136?
17
What is the highest common factor of 128 and 48?
16
Calculate the greatest common divisor of 234 and 108.
18
What is the highest common factor of 10398 and 3?
3
Calculate the highest common divisor of 240 and 3180.
60
What is the highest common divisor of 7258 and 1337?
191
Calculate the greatest common factor of 1491 and 231.
21
Calculate the greatest common divisor of 17 and 45713.
17
Calculate the greatest common divisor of 30 and 57.
3
What is the highest common divisor of 7 and 133?
7
What is the greatest common factor of 154 and 22?
22
Calculate the greatest common divisor of 324 and 36.
36
Calculate the highest common factor of 27 and 288.
9
What is the highest common factor of 2926 and 152?
38
Calculate the greatest common factor of 20 and 740.
20
Calculate the greatest common divisor of 142 and 6674.
142
Calculate the greatest common divisor of 3159 and 13.
13
Calculate the greatest common divisor of 979 and 267.
89
What is the highest common divisor of 4 and 23?
1
Calculate the highest common divisor of 24 and 256.
8
Calculate the greatest common factor of 136 and 200.
8
Calculate the greatest common divisor of 681 and 33.
3
Calculate the greatest common divisor of 58 and 46574.
58
What is the highest common divisor of 28296 and 12?
12
What is the greatest common factor of 6213 and 57?
57
What is the greatest common divisor of 1797 and 12?
3
What is the highest common divisor of 2145 and 260?
65
Calculate the greatest common factor of 33 and 99.
33
What is the highest common divisor of 52 and 1274?
26
Calculate the greatest common divisor of 10520 and 60.
20
What is the greatest common divisor of 36 and 52?
4
What is the highest common divisor of 896 and 56?
56
What is the greatest common divisor of 7 and 6440?
7
What is the highest common divisor of 164 and 287?
41
What is the greatest common factor of 728 and 91?
91
Calculate the greatest common divisor of 32 and 2.
2
What is the highest common factor of 215 and 3?
1
What is the greatest common divisor of 750 and 6250?
250
Calculate the highest common divisor of 477 and 342.
9
Calculate the greatest common factor of 59 and 472.
59
What is the greatest common divisor of 28 and 322?
14
Calculate the greatest common factor of 4584 and 24.
24
Calculate the greatest common factor of 7676 and 152.
76
Calculate the highest common factor of 27 and 621.
27
Calculate the highest common divisor of 50 and 30.
10
Calculate the greatest common factor of 98 and 10.
2
What is the greatest common divisor of 58 and 754?
58
What is the highest common factor of 31629 and 39?
39
What is the highest common factor of 5 and 45?
5
What is the highest common divisor of 45 and 3015?
45
What is the greatest common factor of 192 and 60?
12
What is the greatest common divisor of 315 and 231?
21
Calculate the highest common divisor of 55 and 8965.
55
Calculate the greatest common factor of 1258 and 374.
34
Calculate the greatest common divisor of 190 and 16.
2
Calculate the highest common divisor of 770 and 42.
14
Calculate the greatest common divisor of 32 and 392.
8
What is the highest common divisor of 115 and 437?
23
What is the greatest common divisor of 98 and 70?
14
Calculate the highest common factor of 186 and 620.
62
What is the highest common factor of 28 and 1330?
14
What is the greatest common divisor of 2505 and 30?
15
What is the greatest common divisor of 4450 and 50?
50
Calculate the greatest common factor of 15 and 1680.
15
Calculate the highest common factor of 273 and 65.
13
What is the greatest common divisor of 9487 and 895?
179
What is the highest common divisor of 15 and 2415?
15
Calculate the greatest common divisor of 976 and 122.
122
What is the highest common divisor of 216 and 192?
24
Calculate the greatest common divisor 